sor of 9656 and 8023?
71
Calculate the highest common factor of 5763 and 3.
3
What is the greatest common divisor of 1560 and 68718?
78
Calculate the highest common divisor of 121090 and 130.
10
What is the greatest common factor of 305 and 185501?
61
What is the greatest common factor of 185 and 7575?
5
Calculate the highest common factor of 60166 and 112250.
898
Calculate the greatest common divisor of 591797 and 291.
97
Calculate the highest common divisor of 2818464 and 176.
176
What is the highest common divisor of 6384 and 1?
1
What is the highest common factor of 102375 and 78?
39
What is the greatest common divisor of 9180 and 8806?
34
Calculate the highest common divisor of 240 and 5120.
80
What is the highest common factor of 355320 and 47?
47
Calculate the greatest common factor of 4640 and 39092.
116
What is the greatest common divisor of 77 and 31696?
7
Calculate the greatest common divisor of 18096 and 858.
78
What is the greatest common divisor of 59553 and 13?
13
What is the highest common divisor of 70575 and 150?
75
Calculate the greatest common divisor of 610 and 2062715.
305
What is the greatest common divisor of 954 and 630594?
954
What is the greatest common factor of 654 and 12?
6
Calculate the greatest common divisor of 342 and 1813626.
342
What is the highest common factor of 1233 and 8768?
137
What is the highest common divisor of 254 and 1528064?
254
Calculate the greatest common divisor of 154 and 9394.
154
What is the highest common divisor of 89089 and 1925?
77
Calculate the greatest common divisor of 516934 and 198.
22
What is the highest common divisor of 47339 and 2?
1
Calculate the highest common divisor of 40 and 6430.
10
Calculate the greatest common factor of 8744 and 272.
8
Calculate the greatest common factor of 18116 and 112.
28
What is the highest common factor of 69618 and 738?
246
What is the highest common divisor of 5297268 and 12?
12
What is the greatest common divisor of 1449 and 158424?
483
What is the greatest common divisor of 124 and 35898?
62
Calculate the highest common factor of 488 and 247477.
61
Calculate the greatest common divisor of 4550 and 394849.
91
Calculate the greatest common divisor of 32472 and 55.
11
What is the highest common divisor of 10877 and 146?
73
What is the greatest common factor of 10448 and 304?
16
Calculate the highest common factor of 1382 and 2479999.
691
Calculate the highest common factor of 1004976 and 9970.
1994
Calculate the greatest common factor of 490143 and 114.
57
Calculate the greatest common factor of 161 and 15755.
23
Calculate the greatest common divisor of 166 and 338474.
166
What is the greatest common divisor of 2080 and 15704?
104
Calculate the highest common factor of 27090 and 112.
14
What is the highest common divisor of 76886 and 74?
74
Calculate the highest common factor of 779 and 1862.
19
What is the greatest common divisor of 98 and 3494?
2
Calculate the greatest common divisor of 1042449 and 86.
43
What is the highest common factor of 4856 and 32?
8
Calculate the greatest common factor of 31 and 1582147.
31
Calculate the highest common divisor of 330 and 55770.
330
Calculate the greatest common factor of 12259 and 115.
23
What is the highest common divisor of 165591 and 9?
9
What is the highest common divisor of 1521 and 19539?
117
Calculate the highest common divisor of 32 and 278.
2
Calculate the greatest common factor of 38467 and 4849.
13
What is the highest common factor of 3997 and 17?
1
Calculate the highest common factor of 5 and 147635.
5
Calculate the highest common divisor of 1033 and 172511.
1033
Calculate the greatest common factor of 1012 and 2453.
11
What is the highest common divisor of 1048 and 1673656?
1048
Calculate the greatest common divisor of 740 and 7585.
185
Calculate the highest common divisor of 736 and 1564.
92
Calculate the highest common factor of 19 and 137199.
19
What is the highest common factor of 946 and 30444?
86
What is the highest common factor of 1367217 and 1752?
219
What is the highest common factor of 3842416 and 16?
16
What is the highest common divisor of 349690 and 1734?
578
Calculate the highest common divisor of 4096 and 195456.
128
What is the highest common divisor of 45 and 591?
3
Calculate the greatest common factor of 18798 and 702.
78
Calculate the highest common factor of 858 and 15642.
66
Calculate the highest common divisor of 29 and 27.
1
Calculate the greatest common divisor of 3358 and 4393.
23
What is the highest common divisor of 2052 and 9720?
108
Calculate the highest common divisor of 2463 and 21.
3
What is the highest common factor of 550 and 196790?
110
What is the greatest common divisor of 607652 and 14567?
2081
What is the highest common divisor of 140 and 351610?
70
Calculate the greatest common factor of 3907274 and 14.
14
Calculate the greatest common divisor of 903 and 84.
21
Calculate the highest common factor of 480 and 860.
20
What is the highest common factor of 73 and 131035?
73
What is the greatest common divisor of 285 and 61313?
19
Calculate the highest common factor of 103 and 124939.
103
What is the greatest common factor of 7857 and 137061?
873
Calculate the greatest common factor of 1568 and 1029.
49
What is the highest common factor of 2669 and 177724?
157
What is the greatest common divisor of 652 and 18419?
163
Calculate the greatest common factor of 948 and 64140.
12
What is the highest common factor of 60 and 8370?
30
Calculate the highest common divisor of 210 and 17490.
30
What is the highest common divisor of 43 and 51729?
43
What is the greatest common divisor of 16125 and 30?
15
What is the highest common divisor of 25410 and 80?
10
What is the highest common factor of 304 and 344?
8
Calculate the highest common factor of 390 and 4075110.
390
Calculate the highest common factor of 11258 and 52.
26
Calculate the greatest common divisor of 1798 and 5684.
58
What is the greatest common divisor of 5385 and 195?
15
Calculate the greatest common factor of 19984 and 137390.
2498
Calculate the highest common factor of 420 and 54960.
60
Calculate the greatest common factor of 1162 and 830.
166
Calculate the greatest common divisor of 39 and 42627.
39
Calculate the highest common factor of 47608 and 16.
8
What is the greatest common divisor of 63425 and 375?
25
What is the highest common factor of 78360 and 5040?
120
Calculate the greatest common factor of 4428 and 1728.
108
What is the highest common factor of 33 and 263923?
11
What is the highest common divisor of 52 and 3010592?
52
What is the highest common factor of 39816 and 19592?
632
What is the greatest common factor of 1470 and 135?
15
What is the greatest common divisor of 27 and 12861?
9
What is the greatest common divisor of 159 and 145167?
159
Calculate the highest common factor of 42 and 27195.
21
What is the highest common factor of 450 and 16542?
18
Calculate the greatest common factor of 55992 and 732.
12
What is the greatest common factor of 104 and 54613?
13
What is the highest common factor of 459 and 108?
27
What is the highest common divisor of 66 and 24123?
33
What is the highest common factor of 21386 and 442?
34
What is the highest common factor of 345 and 57040?
115
What is the highest common factor of 8253 and 504?
63
What is the greatest common factor of 1522 and 12?
2
Calculate the highest common factor of 103670 and 350.
70
What is the greatest common divisor of 39646 and 32270?
922
What is the greatest common factor of 48 and 10590960?
48
Calculate the highest common factor of 64 and 891040.
32
What is the highest common divisor of 454 and 11123?
227
What is the greatest common factor of 2721 and 9977?
907
What is the highest common factor of 480 and 136380?
60
Calculate the greatest common divisor of 456255 and 18.
9
What is the highest common divisor of 16081 and 1469?
13
Calculate the highest common factor of 402737 and 67.
67
Calculate the greatest common factor of 40 and 1467320.
40
Calculate the greatest common factor of 1651 and 51308.
127
Calculate the highest common divisor of 32977 and 98.
49
Calculate the highest common factor of 157689 and 63.
63
What is the highest common factor of 1491435 and 115?
115
Calculate the greatest common factor of 371 and 257